{"id":29,"date":"2013-12-18T10:34:55","date_gmt":"2013-12-18T10:34:55","guid":{"rendered":"http:\/\/fidomenal.com\/?page_id=29"},"modified":"2013-12-20T15:50:21","modified_gmt":"2013-12-20T15:50:21","slug":"chuletario-unix","status":"publish","type":"page","link":"http:\/\/fidomenal.com\/?page_id=29","title":{"rendered":"Chuletario Unix"},"content":{"rendered":"<p>#!\/bin\/bash<\/p>\n<p>Todo usuario\/administrador necesita una peque\u00f1a chuleta con los comandos m\u00e1s b\u00e1sicos\/\u00fatiles de unix, puesto que no todos los d\u00edas usas todos y con el tiempo algunos tienden a olvidarse. Pero si vas documentando tus pasos siempre puedes echarle un ojo.<\/p>\n<p>Esta es mi peque\u00f1a chuleta, con la basta colaboracion de varias personas que estamos metidos en un mismo Google Doc, cada uno va aportando su granito de arena.<br \/>\n<strong>En construcci\u00f3n&#8230;<\/strong> Banco de pruebas:<br \/>\n<button id=\"a\" onclick=\"menuDocs()\" type=\"button\">Panic Button<\/button><\/p>\n<div id=\"menu\">\n<\/div>\n<div id=\"info\">\n<\/div>\n<p><script>\nvar x = 0;\nvar m = [\"files\",\"grep\",\"users_groups\",\"SQL\",\"screen\",\"pdf\",\"network\",\"package_managers\"];\nvar n = {};\nn[m[0]]=\"https:\/\/docs.google.com\/spreadsheet\/pub?key=0ArSVkz0kpH_2dFFvUjBpNWJtdlhWQnhrc09SMHVXWlE&single=true&gid=0&range=A1%3AD102&output=html\";\nfunction menuDocs(){\nif (x<5) document.getElementById(\"a\").innerHTML = \"Panic Button \"+(x++);\nelse document.getElementById(\"a\").innerHTML = \"BOOM! \"+(x++);\n}\nwindow.onload = function() {\nvar html = \"\";\nvar hola = \"Hola Mundo!\"\nfor (i in m) {\nhtml= html + '<button id=\"' + m[i] + '\" type=\"button\" onclick=\"showHtml(\\''+m[i]+'\\')\">' + m[i] + '<\/button>'+'&nbsp;';\n}\ndocument.getElementById(\"menu\").innerHTML = html;\n}\nfunction showHtml(arg){\nif(arg==\"files\"){\nvar theUrl = n[arg];\nvar xmlHttp = null;\nxmlHttp = new XMLHttpRequest();\nxmlHttp.open(\"GET\", theUrl, false);\nxmlHttp.send();\ndocument.getElementById(\"info\").innerHTML = xmlHttp.responseText;\n}\nelse document.getElementById(\"info\").innerHTML = \"en construcci\u00f3n...\";\n}\n<\/script><\/p>\n","protected":false},"excerpt":{"rendered":"<p>#!\/bin\/bash Todo usuario\/administrador necesita una peque\u00f1a chuleta con los comandos m\u00e1s b\u00e1sicos\/\u00fatiles de unix, puesto que no todos los d\u00edas usas todos y con el tiempo algunos tienden a olvidarse. Pero si vas documentando tus pasos siempre puedes echarle un ojo. Esta es mi peque\u00f1a chuleta, con la basta colaboracion de varias personas que estamos &hellip; <a href=\"http:\/\/fidomenal.com\/?page_id=29\" class=\"more-link\">Seguir leyendo <span class=\"screen-reader-text\">Chuletario Unix<\/span> <span class=\"meta-nav\">&rarr;<\/span><\/a><\/p>\n","protected":false},"author":1,"featured_media":0,"parent":0,"menu_order":0,"comment_status":"open","ping_status":"open","template":"","meta":{"footnotes":""},"class_list":["post-29","page","type-page","status-publish","hentry"],"_links":{"self":[{"href":"http:\/\/fidomenal.com\/index.php?rest_route=\/wp\/v2\/pages\/29","targetHints":{"allow":["GET"]}}],"collection":[{"href":"http:\/\/fidomenal.com\/index.php?rest_route=\/wp\/v2\/pages"}],"about":[{"href":"http:\/\/fidomenal.com\/index.php?rest_route=\/wp\/v2\/types\/page"}],"author":[{"embeddable":true,"href":"http:\/\/fidomenal.com\/index.php?rest_route=\/wp\/v2\/users\/1"}],"replies":[{"embeddable":true,"href":"http:\/\/fidomenal.com\/index.php?rest_route=%2Fwp%2Fv2%2Fcomments&post=29"}],"version-history":[{"count":6,"href":"http:\/\/fidomenal.com\/index.php?rest_route=\/wp\/v2\/pages\/29\/revisions"}],"predecessor-version":[{"id":39,"href":"http:\/\/fidomenal.com\/index.php?rest_route=\/wp\/v2\/pages\/29\/revisions\/39"}],"wp:attachment":[{"href":"http:\/\/fidomenal.com\/index.php?rest_route=%2Fwp%2Fv2%2Fmedia&parent=29"}],"curies":[{"name":"wp","href":"https:\/\/api.w.org\/{rel}","templated":true}]}}